alue of 2 + 2 + (-2 - -6)?
8
8 + -6 - (2 + 0 + 2)
-2
Calculate 6 + (7 + -24 - (1 + -5)).
-7
(-3 - (-1 - 2)) + 6 + -6
0
What is the value of 4 - (3 - (2 + -4))?
-1
Calculate -4 + -13 + 4 - -4.
-9
Calculate -1 + 0 - (3 + (0 - 0)).
-4
0 + -3 - (-3 + 0)
0
What is -4 + 6 - (4 + 1 + -3)?
0
Calculate -3 - -8 - (-2 - -2).
5
Evaluate 2 - 15 - (-113 - -94).
6
Evaluate 3 - (-6 - 0) - 3.
6
What is 6 - (1 - 2) - (-12 - -25)?
-6
Calculate 6 - ((-12 - -8) + 0 + 10).
0
Evaluate 5 - (12 + -1) - 3.
-9
8 - 11 - (3 + -2 + 3)
-7
What is -11 - (-1 + 6 + -10)?
-6
What is the value of -8 + 1 + (3 - 4 - -4)?
-4
What is -4 - (9 - 2 - 4)?
-7
What is 5 + (-13 - (-4 + 2 + 1))?
-7
Evaluate 3 + -1 + (-33 - -34).
3
What is the value of (6 - 2 - -1) + -5?
0
What is 45 + -48 - ((1 - 3) + 5)?
-6
What is the value of (-2 - 0) + (45 - 44)?
-1
Calculate 0 + -3 + 6 + -4.
-1
Evaluate 6 + 4 + -1 + -36 + 22.
-5
-10 - -18 - 18 - -13
3
4 + (-7 + 0 - (6 + -10))
1
What is the value of 4 - ((2 - -8) + -3)?
-3
Calculate 4 + (5 - 8) - -4.
5
Evaluate (4 - 1) + 5 + 3 + -6.
5
Evaluate (13 - 15) + (-1 - -2 - 4).
-5
0 + -11 - (-13 + 3)
-1
What is the value of 7 + 0 + -3 - (-14 - -23)?
-5
What is 1 + (4 - 1 - (5 + -3))?
2
Calculate -3 + (-1 - (4 + -7)).
-1
Evaluate -2 + 6 - (1 + 3).
0
What is the value of (-21 - -7) + -13 + 21?
-6
13 - 12 - (-1 + 2)
0
-1 + -5 + 4 - (-1 - 2)
1
What is the value of (25 - 24) + (0 - -4)?
5
What is 1 - (16 + -8) - -10?
3
Calculate 5 + -4 + -2 + 5 - 8.
-4
What is -5 - (7 + 6 + -14)?
-4
What is the value of -6 - 0 - (218 - 217)?
-7
What is 2 + -3 - ((5 - 3) + -4)?
1
Evaluate -18 - (-9 - (0 + 2)).
-7
What is the value of -5 + 7 + (-1 + 5 - 9)?
-3
What is the value of -1 + 1 + (-4 - 1)?
-5
-15 - -5 - (0 - 0) - -5
-5
Evaluate 22 + -24 + 2 + 4.
4
What is the value of -10 + (-1 - 3) + 11?
-3
10 + (0 - 3) - (1 + 3)
3
What is 9 - (1 + (-2 - -6))?
4
Calculate (-10 - -9 - 5) + 9.
3
Evaluate 6 + 4 + -2 + -5.
3
-2 - (3 - 3 - -1)
-3
Evaluate 1 + 1 + -3 + -2.
-3
Calculate 11 + -4 + 6 + -8.
5
-2 - (-7 - -4) - -5
6
Calculate (1 - (0 - (1 - 9))) + 0.
-7
Evaluate 3 - (6 + -5 - -1).
1
Evaluate (-26 - -5) + 11 + 0.
-10
What is 3 - (20 + -12) - (1 - -2)?
-8
What is 2 + 5 - 2 - (11 + -9)?
3
What is 8 + -2 + (-4 - 1) + -3?
-2
Calculate 1 - (1 + 0 - (5 + -2)).
3
(2 - 4) + 3 + -6
-5
What is (4 - 2) + 0 - (2 + -5)?
5
What is -3 + 1 - (-6 - -14 - 5)?
-5
Evaluate 11 + -5 - (-1 + 3).
4
(9 - 15) + -1 + 1
-6
Evaluate -2 + 4 - (3 - 5).
4
Evaluate (-5 - (-5 + 2)) + 0.
-2
(4 - -18 - 16) + 3 + -1
8
-8 + 2 + 1 - -8
3
1 - 2 - (2 + -5) - 4
-2
What is the value of (-7 - (-2 + 1)) + 0 + 4?
-2
What is the value of 3 + (2 - -9) - (0 + 5)?
9
Evaluate -7 + 2 + 2 + 8 - 6.
-1
What is 2 - (18 + -10) - -4?
-2
What is the value of 16 + 11 + -16 + -6?
5
What is the value of 5 + 5 + (9 - 26)?
-7
What is -4 + 1 + -1 + 3 + -4?
-5
Evaluate (-1 - -2) + 2 + -5.
-2
What is the value of -10 - (-1 + -12 + 0)?
3
(-6 - 0) + (-2 - -5 - 1)
-4
What is the value of 5 + 0 + -5 + 0?
0
Calculate 8 + (-3 - 7) + 0 + 1.
-1
Evaluate -2 + (-1 - (-2 - -6)).
-7
What is 0 + (-4 - -5) - (1 - 3)?
3
What is the value of 1 - (6 - -1 - 5)?
-1
Calculate 10 - (5 + 1) - -3.
7
What is the value of (1 - 17) + -6 + 15?
-7
Calculate 35 - 28 - (6 + 1).
0
Evaluate (2 - 1) + (-5 - -8) - 8.
-4
-3 - (3 + -5 + (4 - 7))
2
What is -4 - (0 + -3) - 4?
-5
Calculate -6 + 6 + 0 - (2 + -2).
0
(2 - 2) + (-7 - -3)
-4
What is -2 + 5 + -5 + 3 + -1?
0
Evaluate -1 - ((-2 - -4) + -3) - 5.
-5
Evaluate (9 - (2 - 4 - -7)) + -10.
-6
What is 0 - -1 - (2 - (-6 + 13))?
6
Calculate 7 + (1 - 6) + (11 - 9).
4
(-1 - -4) + 0 + -2 + 2
3
-6 - -4 - (-2 - -1)
-1
What is the value of -22 + 24 - (1 - 5)?
6
Calculate -1 - (-2 + -1) - 10 - -3.
-5
What is -1 - (5 + (-1 - 3))?
-2
Evaluate 16 + (10 - 17) + -5.
4
Evaluate (1 - 0) + -1 + (59 - 59).
0
What is the value of -3 - ((4 - 0) + -8)?
1
Evaluate 0 + -7 + (-3 + 2 - -3).
-5
Calculate 8 - ((-5 - -7) + 9).
-3
What is 10 + -4 - 4 - 4?
-2
What is -3 - -5 - (0 - 0)?
2
What is the value of 2 - (28 + -36 + (7 - -1))?
2
Calculate (5 - 0) + 6 + (-6 - -1).
6
-10 + -6 + -5 + 13
-8
(-1 - 0) + (8 - 0) + -8
-1
Evaluate 6 + -7 - (5 - 2).
-4
Evaluate (-1 - 2) + 1 + -1 + 4.
1
What is 45 + -38 - (0 - -10)?
-3
Calculate 18 - -7 - 23 - (6 + 0).
-4
Evaluate 9 + (4 - 3 - 4) - 12.
-6
6 + (-5 - -2) - -1 - 4
0
What is the value of (-4 + (4 - -2) - -3) + -7?
-2
What is the value of 5 - 3 - (3 - 6)?
5
Calculate 9 + (3 + 7 - 17).
2
Calculate -9 - (-2 - (-6 + 8)).
-5
Calculate -3 - (5 - (13 - 4)).
1
-16 + (1 - -7) - -9
1
What is the value of 6 + (-2 - (4 - (7 + -4)))?
3
What is the value of 1 - (-1 + -1 + (3 - 0))?
0
Calculate -25 + 32 + (-2 - -2).
7
-6 + (-1 - (4 + -1 + -5))
-5
What is the value of 0 + 1 - (2 - (3 + 1))?
3
What is -3 + 7 - (6 - 1) - 1?
-2
What is the value of 5 + -5 + 2 - 3 - 2?
-3
What is (14 - 11) + (-2 - (-3 + 5))?
-1
(11 - 16) + 0 + 0
-5
0 + (-1 - 4) + 8
3
Evaluate (9 - 11) + 1 + 0.
-1
What is 4 + (-10 - ((-5 - -4) + -4))?
-1
Calculate (8 - (5 + 5)) + (1 - -3).
2
Calculate 1 + -1 + 6 - (229 - 229).
6
(5 - 5) + (-1 + 2 - 1)
0
Evaluate -2 - (-3 - -4) - 0 - 0.
-3
What is the value of 15 - (-7 + 3 - -16)?
3
What is 1 - (5 - (0 - (0 + -4)))?
0
Calculate -5 + -1 + (17 - 5 - 5).
1
Evaluate 11 + (6 - (-6 - (-3 - 14))).
6
Calculate (-42 - -21) + 25 - (9 + -1).
-4
Evaluate (-5 + 3 - -3) + 2 + -3.
0
0 - (24 + -21 + -1 + 0)
-2
What is -4 + -1 - (-3 + 3)?
-5
Calculate 6 - (3 + -4 + 2).
5
What is 7 + -6 + -4 + 8 - 4?
1
What is the value of 2 - (11 - (-2 - -18))?
7
5 + 8 + (3 - 6)
10
What is the value of -9 - 11 - -12 - -8?
0
Evaluate -8 + (-6 - -9) + 4 + 0.
-1
What is 4 + (4 + -14 - (-3 + -1))?
-2
(-7 - (0 + (-2 - -3))) + 6
-2
What is the value of -2 + -1 + 6 - (2 + 8)?
-7
What is the value of -60 + 61 + (-1 - -1)?
1
What is the value of 4 - (8 + -6) - -1?
3
7 + -2 - (-11 - -24)
-8
What is the value of 0 + -4 + (15 - 9)?
2
Calculate 1 + 4 + -7 - 2.
-4
What is (3 - -2) + -2 + 2?
5
What is the value of -8 + (0 - -3 - -4)?
-1
What is the value of 8 + (16 - 7 - 3) + -12?
2
What is -8 + 2 + (3 - 2) + 1?
-4
What is the value of -2 + (1 - (4 - 2) - 2)?
-5
Calculate -2 + (3 - -3) - 0.
4
Calculate -2 + (-23 - -10) + 24.
9
What is the value of -2 - (-4 - (-5 + 7 + 0))?
4
Evaluate (20 - 19) + (-4 - 1) + -1.
-5
Evaluate -1 - -1 - (21 + -26).
5
What is 2 + 2 + 10 + -12 + 0?
2
What is the value of 4 - (0 + 2 + 4)?
-2
Calculate (7 - 0) + -7 + 4 - 4.
0
Calculate 10 + (-17 - 0) - (0 + -1).
-6
Evaluate 2 + (3 - 1) - (14 - 17).
7
Calculate (8 - (7 + -8)) + -8 + 4.
5
What is (1 - 4) + (2 - 0 - 3)?
-4
Calculate -4 - (1 + (2 - 7)).
0
(16 - 16) + 5 + -3
2
Calculate -2 - (4 + -6) - (0 - -1).
-1
What is the value of -5 + 11 - (5 - (-1 - 2))?
-2
What is the value of (23 - 28) + (2 - 1)?
-4
Evaluate 5 + -10 + 4 - 3.
-4
What is the value of -102 + 97 - (-3 - (2 - 1))?
-1
What is the value of 0 + 1 + -5 - (-13 + 7)?
2
What is the value of (-2 - 0) + 4 - 6?
-4
What is -2 + (-1 - -6) + -2?
1
4 + -2 - (2 - 2)
2
Evaluate 16 - ((0 - -7) + 4 - 4).
9
What is 7 + (-10 + 0 - -5)?
2
-1 + -2 + 4 + -1 + 5
5
Evaluate (0 - 4) + 3 + 12 + -7.
4
Evaluate (-3 - (9 + -8)) + 6.
2
-2 + -3 + (2 - -1 - -7)
5
0 - (3 - (4 - 1)) - 2
-2
Evaluate (-2 - (3 + -1)) + (-2 - -2).
-4
Evaluate -1 - ((-1 - -2) + 3).
-5
0 - ((6 - 0) + -3)
-3
What is 0 + (1 - (-8 + 6 + -2))?
5
What is 2 - (-2 + 2) - -2?
4
1 - (1 + -7 + 4 - 2)
5
What is the value of 0 + 13 + -3 + -5?
5
What is 1 + 0 + (-5 + 6 - 2)?
0
Evaluate -9 + -5 + 13 + 4.
3
What is 5 - (-8 - (-1 + -5))?
7
What is 10 + -17 - (-4 + -2)?
-1
What is the value of 3 + -3 - (-2 + -2)?
4
What is (-4 - (-6 - (-9 - -7))) + 6?
6
Evaluate -7 + (-2 - -4) - (19 + -19).
-5
What is -4 + 3 - 2 - -6?
3
What is 8 + 7 + -3 + -18?
-6
What is 3 + 0 + -38 + 30?
-5
What is the value of -18 + 23 + (3 - 1)?
7
Calculate -3 + (3 - (0 + -1)).
1
30 + -28 + (-5 - (1 + -2))
-2
-2 + 2 + 2 + 2 - 7
-3
What is the value of 1 + 3 + 4 + -4?
4
What is -4 - -5 - (-1 - -2)?
0
Calculate 14 + (-6 - 13 - -9).
4
Calculate 10 - 12 - (0 + 0 + 2).
-4
What is the value of (-7 + 7 - 5) + 1?
-4
Evaluate -5 - (0 + 0) - -7.
2
Calculate 12 + -8 + 1 + -7.
-2
6 + (-5 - (-2 - -5 - 6))
4
What is the value of -2 + 7 + (-10 - 2) + 2?
-5
What is the value of (0 - 3) + 6 - 6 - -5?
2
What is -6 + 0 + 4 + -8 + 8?
-2
(10 + -3 + -3 - 5) 